 8?
4
What is the highest common divisor of 6762 and 30?
6
Calculate the greatest common factor of 153 and 207.
9
What is the greatest common divisor of 36 and 234?
18
What is the highest common factor of 14 and 1169?
7
What is the highest common divisor of 29 and 3?
1
Calculate the greatest common factor of 133 and 589.
19
What is the highest common factor of 3979 and 2249?
173
Calculate the highest common factor of 891 and 11.
11
What is the highest common divisor of 2 and 479?
1
Calculate the highest common divisor of 580 and 40.
20
What is the greatest common factor of 768 and 6?
6
What is the highest common factor of 6 and 9?
3
What is the highest common factor of 45 and 2040?
15
Calculate the greatest common factor of 65 and 585.
65
Calculate the highest common factor of 155 and 31.
31
Calculate the greatest common factor of 19 and 4.
1
What is the greatest common factor of 462 and 11?
11
Calculate the highest common factor of 440 and 121.
11
What is the highest common divisor of 3434 and 606?
202
Calculate the highest common factor of 84 and 105.
21
Calculate the greatest common divisor of 56 and 371.
7
Calculate the greatest common divisor of 20 and 132.
4
Calculate the highest common divisor of 1 and 1.
1
What is the highest common divisor of 2923 and 79?
79
What is the greatest common divisor of 2384 and 720?
16
What is the highest common divisor of 139 and 556?
139
What is the greatest common factor of 82 and 1845?
41
Calculate the greatest common divisor of 310 and 160.
10
What is the highest common factor of 127 and 1016?
127
Calculate the highest common divisor of 785 and 15.
5
What is the greatest common factor of 3 and 39?
3
What is the highest common factor of 294 and 8694?
42
Calculate the highest common factor of 50 and 22.
2
What is the highest common factor of 36 and 4410?
18
Calculate the highest common factor of 30456 and 486.
162
What is the greatest common divisor of 195 and 255?
15
What is the greatest common divisor of 115 and 10?
5
Calculate the greatest common divisor of 268 and 22378.
134
What is the greatest common divisor of 2225 and 25?
25
Calculate the highest common factor of 7398 and 27.
27
Calculate the highest common factor of 86 and 43.
43
What is the highest common factor of 535 and 5?
5
What is the greatest common divisor of 7223 and 124?
31
What is the highest common factor of 217 and 155?
31
What is the greatest common factor of 273 and 14?
7
What is the greatest common divisor of 22856 and 8?
8
What is the highest common divisor of 35 and 665?
35
What is the highest common factor of 88 and 2024?
88
Calculate the highest common divisor of 1015 and 35.
35
What is the greatest common divisor of 663 and 102?
51
What is the greatest common divisor of 105 and 45?
15
Calculate the greatest common factor of 852 and 12.
12
What is the greatest common divisor of 49 and 441?
49
What is the greatest common factor of 53400 and 30?
30
Calculate the highest common divisor of 3460 and 20.
20
Calculate the greatest common divisor of 196 and 49.
49
What is the highest common factor of 148 and 85396?
148
Calculate the greatest common divisor of 9 and 27.
9
Calculate the greatest common factor of 117 and 1503.
9
What is the highest common factor of 87 and 9?
3
What is the greatest common factor of 2409 and 363?
33
What is the highest common divisor of 258 and 946?
86
What is the highest common factor of 15 and 1245?
15
Calculate the highest common divisor of 3147 and 9.
3
Calculate the highest common divisor of 5151 and 51.
51
What is the greatest common divisor of 690 and 1334?
46
Calculate the highest common factor of 114 and 162.
6
Calculate the highest common divisor of 17 and 38981.
17
What is the greatest common divisor of 62104 and 112?
56
Calculate the greatest common divisor of 874 and 276.
46
What is the greatest common factor of 14 and 693?
7
Calculate the highest common divisor of 276 and 24.
12
What is the highest common factor of 21 and 5103?
21
Calculate the greatest common factor of 528 and 216.
24
What is the greatest common factor of 90 and 252?
18
Calculate the greatest common factor of 15300 and 68.
68
Calculate the highest common factor of 1394 and 410.
82
What is the greatest common factor of 1638 and 1008?
126
What is the greatest common factor of 93 and 1581?
93
Calculate the greatest common factor of 385 and 35.
35
Calculate the highest common divisor of 72 and 1128.
24
Calculate the highest common factor of 10 and 475.
5
What is the highest common factor of 12863 and 38?
19
Calculate the greatest common factor of 213 and 6461.
71
What is the highest common divisor of 70 and 742?
14
Calculate the greatest common divisor of 4237 and 57.
19
What is the greatest common factor of 5145 and 60?
15
Calculate the highest common factor of 41 and 52357.
41
Calculate the greatest common divisor of 24 and 936.
24
What is the greatest common divisor of 133 and 14?
7
What is the highest common divisor of 60 and 50?
10
Calculate the greatest common divisor of 3 and 2466.
3
What is the highest common divisor of 135 and 54?
27
What is the greatest common divisor of 14803 and 226?
113
What is the highest common divisor of 216 and 306?
18
Calculate the greatest common divisor of 6943 and 53.
53
Calculate the highest common divisor of 104 and 832.
104
What is the greatest common factor of 57 and 7125?
57
What is the highest common factor of 16 and 5?
1
Calculate the greatest common factor of 112 and 1022.
14
Calculate the greatest common factor of 77 and 55.
11
Calculate the highest common divisor of 2499 and 1323.
147
What is the highest common factor of 290 and 522?
58
Calculate the greatest common factor of 87 and 12.
3
What is the greatest common factor of 156 and 104?
52
What is the highest common divisor of 4642 and 154?
22
Calculate the greatest common divisor of 25 and 700.
25
What is the greatest common factor of 498 and 104?
2
Calculate the highest common factor of 1859 and 11.
11
What is the highest common factor of 6355 and 2050?
205
Calculate the greatest common divisor of 81 and 72.
9
Calculate the highest common divisor of 2715 and 15.
15
What is the highest common factor of 1369 and 37?
37
Calculate the greatest common factor of 600 and 75.
75
Calculate the greatest common factor of 2542 and 62.
62
Calculate the highest common factor of 140 and 1484.
28
What is the highest common divisor of 529 and 46?
23
What is the greatest common divisor of 1428 and 36?
12
What is the greatest common divisor of 2294 and 744?
62
Calculate the highest common factor of 1417 and 39.
13
Calculate the greatest common factor of 22 and 1078.
22
Calculate the greatest common factor of 930 and 1530.
30
Calculate the greatest common factor of 27 and 1188.
27
What is the greatest common divisor of 64 and 24?
8
Calculate the greatest common factor of 11 and 22.
11
What is the highest common divisor of 10 and 3470?
10
What is the highest common factor of 1180 and 5?
5
Calculate the highest common divisor of 684 and 36.
36
What is the greatest common factor of 11385 and 69?
69
What is the highest common divisor of 16 and 296?
8
What is the highest common divisor of 230 and 40?
10
Calculate the greatest common divisor of 798 and 12882.
114
What is the highest common divisor of 792 and 11?
11
What is the highest common factor of 214 and 96086?
214
Calculate the greatest common divisor of 158 and 553.
79
Calculate the highest common factor of 41667 and 17.
17
Calculate the greatest common factor of 154 and 1988.
14
What is the highest common divisor of 440 and 200?
40
What is the greatest common divisor of 899 and 1395?
31
Calculate the greatest common factor of 10934 and 110.
22
What is the highest common divisor of 784 and 896?
112
Calculate the highest common factor of 1365 and 130.
65
What is the highest common factor of 5943 and 21?
21
Calculate the highest common factor of 18 and 482.
2
Calculate the highest common factor of 27320 and 160.
40
Calculate the greatest common divisor of 1248 and 8528.
208
What is the highest common factor of 474 and 6?
6
What is the greatest common factor of 2712 and 72?
24
Calculate the greatest common divisor of 1500 and 180.
60
Calculate the greatest common divisor of 4032 and 1764.
252
